{"id":775,"date":"2020-01-26T18:46:14","date_gmt":"2020-01-26T17:46:14","guid":{"rendered":"https:\/\/survivre-a-la-nature.com\/?post_type=product&#038;p=775"},"modified":"2022-06-23T08:56:11","modified_gmt":"2022-06-23T06:56:11","slug":"kit-de-survie","status":"publish","type":"product","link":"https:\/\/survivre-a-la-nature.com\/index.php\/produit\/kit-de-survie\/","title":{"rendered":"Kit de survie d&rsquo;urgence (88 outils)"},"content":{"rendered":"<h3>Lampe de poche en survie<\/h3>\n<p>La nuit vient de tomber ? Vous vous retrouvez \u00e0 l&rsquo;entr\u00e9e d&rsquo;une grotte ? la lampe de poche vous permettra de trouver votre chemin dans l&rsquo;obscurit\u00e9. Il n&rsquo;est pas rare d&rsquo;\u00eatre surprit par la nuit. Mais pas de panique, la lampe de poche vous permettra de monter votre tente, mais \u00e9galement de signaler votre pr\u00e9sente en cas de besoin ou encore \u00e9loigner les b\u00eates qui en aurait apr\u00e8s vous.<\/p>\n<h3>La couverture de survie<\/h3>\n<p>La couverture de survie est l&rsquo;\u00e9l\u00e9ment essentiel \u00e0 ne pas oublier qui servira de protection \u00e0 un bless\u00e9. Sa face dor\u00e9e \u00e0 l&rsquo;ext\u00e9rieur pour capter la chaleur et rester au chaud permet de lutter contre les potentielles hypothermies, conserver la temp\u00e9rature du corps et prot\u00e9ger du vent et de l&rsquo;humidit\u00e9.<br \/>\nElle est id\u00e9al pour les randonneurs ou les coureurs dans les r\u00e9gions les plus isol\u00e9s. Cette couverture de secours repr\u00e9sente une vraie s\u00e9curit\u00e9 pour l&rsquo;individu en cas d&rsquo;accident ou de catastrophe naturelle puisqu&rsquo;elle permet de conserver plus de 90% de la chaleur corporel.<\/p>\n<h3><b>Le kit comprend outils de survie de qualit\u00e9 haut de gamme<br \/>\n<\/b><\/h3>\n<p>Vous avez besoin d&rsquo;outils efficace et utile lors de vos d\u00e9couvertes ? D\u00e9couvrez les outils de ce pack fabriqu\u00e9s avec des mat\u00e9riaux de haute qualit\u00e9, un design soign\u00e9, ces outils sont tr\u00e8s simple \u00e0 prendre en main, \u00e0 la fois essentiel lors de vos excursions ces outils s&rsquo;av\u00e8reront \u00e9galement polyvalent et tr\u00e8s performant.<\/p>\n<p>Pour chacune des trousses, celle-ci comprend le lot des outils suivants (15 outils pour chaque trousse) :<br \/>\n&#8211; Une pierre \u00e0 feu<br \/>\n&#8211; Un outil pour r\u00e9aliser des mesures<br \/>\n&#8211; Un grattoir<br \/>\n&#8211; Une lampe de poche<br \/>\n&#8211; Une carte de la Suisse polyvalente<br \/>\n&#8211; Une mini led avec un porte-cl\u00e9s<br \/>\n&#8211; Une boussole pour s&rsquo;orienter<br \/>\n&#8211; Un couteau tranchant haut de gamme<br \/>\n&#8211; Un sifflet<br \/>\n&#8211; Un fil de p\u00eache, avec un Bracelet paracord 5 en 1<br \/>\n&#8211; Une couverture de secours<br \/>\n&#8211; Une boite Waterproof extr\u00eamement r\u00e9sistante.<br \/>\n&#8211; Un autre fil de p\u00eache avec une scie \u00e0 fil et un porte bouteille rang\u00e9 dans une boite de voyage extr\u00eamement r\u00e9sistante.<br \/>\n&#8211; Une trousse de premier soin<\/p>\n","protected":false},"excerpt":{"rendered":"<p>La survie est excellent pour les vacances que l&rsquo;on soit en famille ou avec des amis, elle vous r\u00e9apprendra \u00e0 vous d\u00e9brouiller sans technologie gr\u00e2ce aux techniques des anc\u00eatres, renouer avec le vivant, se sentir pratiquer l&rsquo;intelligence collective, se raconter d&rsquo;autres histoires et vous permettra surtout de revenir \u00e0 l&rsquo;essentiel, la nature !<\/p>\n","protected":false},"featured_media":776,"comment_status":"open","ping_status":"closed","template":"","meta":[],"wppr_data":{"cwp_meta_box_check":"No","cwp_rev_product_name":"Kit de survie (88 outils)","_wppr_review_template":"default","cwp_image_link":"link","wppr_links":[],"wppr_pros":["Nombreux outils","Sac","","",""],"wppr_cons":["Prix","","","",""],"wppr_rating":"0.00","wppr_options":[],"wppr_review_type":"Product","wppr_review_custom_fields":{"additionalType":"","alternateName":"","award":"","awards":"","brand":"","category":"","color":"","depth":"","description":"","disambiguatingDescription":"","gtin":"","gtin12":"","gtin13":"","gtin14":"","gtin8":"","height":"","identifier":"","image":"","logo":"","mainEntityOfPage":"","material":"","model":"","mpn":"","name":"","nsn":"","productID":"","productionDate":"","purchaseDate":"","releaseDate":"","sameAs":"","sku":"","slogan":"","url":"","weight":"","width":""}},"_links":{"self":[{"href":"https:\/\/survivre-a-la-nature.com\/index.php\/wp-json\/wp\/v2\/product\/775"}],"collection":[{"href":"https:\/\/survivre-a-la-nature.com\/index.php\/wp-json\/wp\/v2\/product"}],"about":[{"href":"https:\/\/survivre-a-la-nature.com\/index.php\/wp-json\/wp\/v2\/types\/product"}],"replies":[{"embeddable":true,"href":"https:\/\/survivre-a-la-nature.com\/index.php\/wp-json\/wp\/v2\/comments?post=775"}],"wp:featuredmedia":[{"embeddable":true,"href":"https:\/\/survivre-a-la-nature.com\/index.php\/wp-json\/wp\/v2\/media\/776"}],"wp:attachment":[{"href":"https:\/\/survivre-a-la-nature.com\/index.php\/wp-json\/wp\/v2\/media?parent=775"}],"curies":[{"name":"wp","href":"https:\/\/api.w.org\/{rel}","templated":true}]}}